e factors of 22.
2, 11
What are the prime factors of 2153?
2153
What are the prime factors of 1985?
5, 397
What are the prime factors of 23297?
23297
What are the prime factors of 5439?
3, 7, 37
List the prime factors of 73728.
2, 3
List the prime factors of 169886.
2, 173, 491
What are the prime factors of 47229?
3, 7, 13, 173
List the prime factors of 4375.
5, 7
What are the prime factors of 2125?
5, 17
What are the prime factors of 8236?
2, 29, 71
List the prime factors of 172660.
2, 5, 89, 97
What are the prime factors of 636?
2, 3, 53
What are the prime factors of 476?
2, 7, 17
What are the prime factors of 6666?
2, 3, 11, 101
What are the prime factors of 1893?
3, 631
List the prime factors of 4063.
17, 239
What are the prime factors of 29738?
2, 14869
List the prime factors of 2042.
2, 1021
What are the prime factors of 96741?
3, 3583
What are the prime factors of 14971?
11, 1361
List the prime factors of 986.
2, 17, 29
List the prime factors of 28717.
13, 47
List the prime factors of 28540.
2, 5, 1427
What are the prime factors of 601?
601
List the prime factors of 1969.
11, 179
What are the prime factors of 1983?
3, 661
List the prime factors of 4090.
2, 5, 409
List the prime factors of 66341.
11, 37, 163
List the prime factors of 101403.
3, 19, 593
What are the prime factors of 6807?
3, 2269
List the prime factors of 3043.
17, 179
What are the prime factors of 1123?
1123
List the prime factors of 1071.
3, 7, 17
List the prime factors of 226.
2, 113
List the prime factors of 20708.
2, 31, 167
List the prime factors of 291.
3, 97
What are the prime factors of 7255?
5, 1451
List the prime factors of 31642.
2, 13, 1217
List the prime factors of 5993.
13, 461
List the prime factors of 3068.
2, 13, 59
What are the prime factors of 1629?
3, 181
List the prime factors of 141.
3, 47
What are the prime factors of 11178?
2, 3, 23
What are the prime factors of 4933?
4933
What are the prime factors of 48045?
3, 5, 3203
What are the prime factors of 25752?
2, 3, 29, 37
List the prime factors of 1886.
2, 23, 41
What are the prime factors of 15437?
43, 359
What are the prime factors of 2844?
2, 3, 79
List the prime factors of 14850.
2, 3, 5, 11
What are the prime factors of 713?
23, 31
List the prime factors of 67792.
2, 19, 223
What are the prime factors of 3022?
2, 1511
List the prime factors of 9154.
2, 23, 199
What are the prime factors of 3825?
3, 5, 17
What are the prime factors of 55863?
3, 2069
List the prime factors of 7702.
2, 3851
What are the prime factors of 562?
2, 281
List the prime factors of 10410.
2, 3, 5, 347
List the prime factors of 22297.
11, 2027
What are the prime factors of 2285?
5, 457
What are the prime factors of 10178?
2, 7, 727
List the prime factors of 87382.
2, 43691
List the prime factors of 7817.
7817
What are the prime factors of 162163?
17, 9539
List the prime factors of 2429.
7, 347
List the prime factors of 196.
2, 7
What are the prime factors of 1374?
2, 3, 229
List the prime factors of 1343.
17, 79
What are the prime factors of 33470?
2, 5, 3347
List the prime factors of 4531.
23, 197
What are the prime factors of 7917?
3, 7, 13, 29
What are the prime factors of 165609?
3, 18401
List the prime factors of 874.
2, 19, 23
List the prime factors of 15780.
2, 3, 5, 263
List the prime factors of 325.
5, 13
What are the prime factors of 3565?
5, 23, 31
List the prime factors of 20732.
2, 71, 73
What are the prime factors of 581?
7, 83
List the prime factors of 14766.
2, 3, 23, 107
What are the prime factors of 35578?
2, 17789
List the prime factors of 11051.
43, 257
What are the prime factors of 37605?
3, 5, 23, 109
What are the prime factors of 899?
29, 31
What are the prime factors of 115997?
7, 73, 227
List the prime factors of 227.
227
List the prime factors of 46362.
2, 3, 7727
What are the prime factors of 6679?
6679
List the prime factors of 6563.
6563
What are the prime factors of 7974?
2, 3, 443
What are the prime factors of 3042?
2, 3, 13
List the prime factors of 586.
2, 293
List the prime factors of 2271.
3, 757
List the prime factors of 206.
2, 103
List the prime factors of 5564.
2, 13, 107
List the prime factors of 37970.
2, 5, 3797
What are the prime factors of 61896?
2, 3, 2579
What are the prime factors of 6763?
6763
What are the prime factors of 2865?
3, 5, 191
List the prime factors of 9413.
9413
What are the prime factors of 5815?
5, 1163
List the prime factors of 3603.
3, 1201
What are the prime factors of 17148?
2, 3, 1429
List the prime factors of 1499.
1499
What are the prime factors of 494?
2, 13, 19
What are the prime factors of 86667?
3, 7, 4127
List the prime factors of 19867.
19867
What are the prime factors of 21428?
2, 11, 487
List the prime factors of 1810.
2, 5, 181
List the prime factors of 942.
2, 3, 157
What are the prime factors of 11416?
2, 1427
What are the prime factors of 117745?
5, 23549
List the prime factors of 81916.
2, 20479
List the prime factors of 64863.
3, 7207
What are the prime factors of 8712?
2, 3, 11
List the prime factors of 75750.
2, 3, 5, 101
What are the prime factors of 9610?
2, 5, 31
What are the prime factors of 1036?
2, 7, 37
List the prime factors of 3594.
2, 3, 599
List the prime factors of 2795.
5, 13, 43
What are the prime factors of 33139?
31, 1069
What are the prime factors of 15254?
2, 29, 263
What are the prime factors of 1216?
2, 19
List the prime factors of 88422.
2, 3, 14737
List the prime factors of 15789.
3, 19, 277
What are the prime factors of 1236?
2, 3, 103
List the prime factors of 3246.
2, 3, 541
What are the prime factors of 878?
2, 439
List the prime factors of 17.
17
What are the prime factors of 7780?
2, 5, 389
List the prime factors of 45417.
3, 15139
List the prime factors of 6837.
3, 43, 53
What are the prime factors of 24060?
2, 3, 5, 401
List the prime factors of 48839.
7, 6977
What are the prime factors of 4986?
2, 3, 277
What are the prime factors of 4054?
2, 2027
List the prime factors of 8370.
2, 3, 5, 31
What are the prime factors of 19177?
127, 151
What are the prime factors of 23418?
2, 3, 1301
What are the prime factors of 2183?
37, 59
List the prime factors of 1215.
3, 5
What are the prime factors of 5204?
2, 1301
What are the prime factors of 84067?
84067
What are the prime factors of 1048?
2, 131
What are the prime factors of 7089?
3, 17, 139
What are the prime factors of 6638?
2, 3319
List the prime factors of 1139.
17, 67
List the prime factors of 902.
2, 11, 41
List the prime factors of 2274.
2, 3, 379
List the prime factors of 10385.
5, 31, 67
List the prime factors of 2904.
2, 3, 11
What are the prime factors of 20291?
103, 197
What are the prime factors of 988?
2, 13, 19
List the prime factors of 1608.
2, 3, 67
What are the prime factors of 4408?
2, 19, 29
What are the prime factors of 1213?
1213
What are the prime factors of 1153?
1153
What are the prime factors of 90942?
2, 3, 23, 659
List the prime factors of 3504.
2, 3, 73
What are the prime factors of 751?
751
What are the prime factors of 56827?
56827
What are the prime factors of 1017?
3, 113
List the prime factors of 53128.
2, 29, 229
List the prime factors of 1465.
5, 293
List the prime factors of 208.
2, 13
List the prime factors of 4678.
2, 2339
List the prime factors of 1255.
5, 251
What are the prime factors of 1489?
1489
List the prime factors of 9655.
5, 1931
What are the prime factors of 143255?
5, 7, 4093
What are the prime factors of 1571?
1571
What are the prime factors of 36379?
7, 5197
List the prime factors of 84775.
5, 3391
List the prime factors of 20708.
2, 31, 167
What are the prime factors of 1113?
3, 7, 53
What are the prime factors of 156?
2, 3, 13
List the prime factors of 4301.
11, 17, 23
What are the prime factors of 91828?
2, 11, 2087
List the prime factors of 882.
2, 3, 7
List the prime factors of 11617.
11617
What are the prime factors of 12985?
5, 7, 53
List the prime factors of 838.
2, 419
List the prime factors of 1549.
1549
List the prime factors of 568.
2, 71
What are the prime factors of 3157?
7, 11, 41
List the prime factors of 15680.
2, 5, 7
List the prime factors of 3975.
3, 5, 53
List the prime factors of 1727.
11, 157
List the prime factors of 63.
3, 7
List the prime factors of 35947.
103, 349
What are the prim